{"version":"1.0","provider_name":"M.C. Autocaravanas Getxo S.L","provider_url":"https:\/\/mcautocaravanas.com\/eus","title":"Fiat Ducato Pilote P 680 - M.C. Autocaravanas Getxo S.L","type":"rich","width":600,"height":338,"html":"<blockquote class=\"wp-embedded-content\" data-secret=\"W6TlSvKwPw\"><a href=\"https:\/\/mcautocaravanas.com\/eus\/fiat-ducato-pilote-p-680\/\">Fiat Ducato Pilote P 680<\/a><\/blockquote><iframe sandbox=\"allow-scripts\" security=\"restricted\" src=\"https:\/\/mcautocaravanas.com\/eus\/fiat-ducato-pilote-p-680\/embed\/#?secret=W6TlSvKwPw\" width=\"600\" height=\"338\" title=\"&#8220;Fiat Ducato Pilote P 680&#8221; &#8212; M.C. Autocaravanas Getxo S.L\" data-secret=\"W6TlSvKwPw\" frameborder=\"0\" marginwidth=\"0\" marginheight=\"0\" scrolling=\"no\" class=\"wp-embedded-content\"><\/iframe><script>\n\/*! This file is auto-generated *\/\n!function(d,l){\"use strict\";l.querySelector&&d.addEventListener&&\"undefined\"!=typeof URL&&(d.wp=d.wp||{},d.wp.receiveEmbedMessage||(d.wp.receiveEmbedMessage=function(e){var t=e.data;if((t||t.secret||t.message||t.value)&&!\/[^a-zA-Z0-9]\/.test(t.secret)){for(var s,r,n,a=l.querySelectorAll('iframe[data-secret=\"'+t.secret+'\"]'),o=l.querySelectorAll('blockquote[data-secret=\"'+t.secret+'\"]'),c=new RegExp(\"^https?:$\",\"i\"),i=0;i<o.length;i++)o[i].style.display=\"none\";for(i=0;i<a.length;i++)s=a[i],e.source===s.contentWindow&&(s.removeAttribute(\"style\"),\"height\"===t.message?(1e3<(r=parseInt(t.value,10))?r=1e3:~~r<200&&(r=200),s.height=r):\"link\"===t.message&&(r=new URL(s.getAttribute(\"src\")),n=new URL(t.value),c.test(n.protocol))&&n.host===r.host&&l.activeElement===s&&(d.top.location.href=t.value))}},d.addEventListener(\"message\",d.wp.receiveEmbedMessage,!1),l.addEventListener(\"DOMContentLoaded\",function(){for(var e,t,s=l.querySelectorAll(\"iframe.wp-embedded-content\"),r=0;r<s.length;r++)(t=(e=s[r]).getAttribute(\"data-secret\"))||(t=Math.random().toString(36).substring(2,12),e.src+=\"#?secret=\"+t,e.setAttribute(\"data-secret\",t)),e.contentWindow.postMessage({message:\"ready\",secret:t},\"*\")},!1)))}(window,document);\n\/\/# sourceURL=https:\/\/mcautocaravanas.com\/wp-includes\/js\/wp-embed.min.js\n<\/script>","thumbnail_url":"https:\/\/mcautocaravanas.com\/wp-content\/uploads\/2025\/05\/VENDIDA-1-1.jpg","thumbnail_width":1536,"thumbnail_height":1052,"description":"39.900\u20ac CARACTER\u00cdSTICAS Motor 2.3cc 130cv.A\u00f1o 2009.Km: 70,000.Aire acondicionado en cabina. De \u00fanico propietario.Siempre en garaje.Perfilada de 6,80m largo.Cama francesa baja.Con almacenaje en toda su parte baja y acceso desde vivienda y garaje exterior.Sal\u00f3n cama.Nevera grande trivalente AUTO.Ba\u00f1o grande con ducha independiente.Oscurecedores REMIX en cabina.Oscurecedores y mosquiteras en todas las ventanas y claraboyas.Calefacci\u00f3n y agua caliente. [&hellip;]"}

39.900€ CARACTERÍSTICAS Motor 2.3cc 130cv.Año 2009.Km: 70,000.Aire acondicionado en cabina. De único propietario.Siempre en garaje.Perfilada de 6,80m largo.Cama francesa baja.Con almacenaje en toda su parte baja y acceso desde vivienda y garaje exterior.Salón cama.Nevera grande trivalente AUTO.Baño grande con ducha independiente.Oscurecedores REMIX en cabina.Oscurecedores y mosquiteras en todas las ventanas y claraboyas.Calefacción y agua caliente. [&hellip;]
